 0*d - q*d**2 + 2*d - 2*d. What is n(s)?
0
Let d(w) = w**3 + 3*w**2 + w + 2. Let x = 0 + -3. Give d(x).
-1
Let g(x) = 94 + x**2 + 5*x + 0*x - 99. Calculate g(-6).
1
Let o = -12 + 37. Let y be 115/o - 4/(-10). Let d(i) = -i**2 - i + 1. Let j(f) = -6*f**2 - 9*f. Let l(w) = y*d(w) - j(w). What is l(-5)?
10
Let j be 1 + (-2 - -1) - -2. Suppose -j*a = -0*a. Suppose i = -a*i. Let n(b) = -b**3 + b**2 + b. Give n(i).
0
Let w be -4*2/(4/(-3)). Let c(f) = f**2 - 6*f + 3. What is c(w)?
3
Let c(m) = 2*m + 1. Let q be (2 + -3)/((-4)/8). Determine c(q).
5
Let n(c) = -c**3 + 5*c**2 - 4*c + 4. Suppose -4*v = v - 20. Suppose 3*b + 4 = v*b. What is n(b)?
4
Let i = 14 + -11. Let j(t) = t**3 - 3*t**2 + t - 1. What is j(i)?
2
Suppose 4*q = -2*l, 3*q + 3*l = -2*q - 1. Let o(u) = 0 + q - 8*u + 4*u. Suppose -a = -4*b + 6, -b - b + 4*a + 10 = 0. What is o(b)?
-3
Let i(c) = c**2 + 4*c - 3. Let z be i(-5). Let o(t) = -t + z*t**2 + 3*t - t**2 + 1 - 6*t. Determine o(3).
-2
Let s(m) = -m**3 + 3*m**2 + 3*m - 2. Suppose -5*y - b - 3 + 36 = 0, -3*b = y - 1. Suppose y*h - 2*h = 0, -6 = -2*g + 5*h. Determine s(g).
7
Let w be 38/8 - (-4)/16. Suppose -v = w*l - 15, 5 = 5*l - 0*l - v. Let n(d) = -5*d**2 + 4*d**l - d + d - d. What is n(-2)?
-2
Let w(b) = -b - 4*b - b**2 + 2*b + 4. Determine w(-4).
0
Let b(p) = -2*p + 5. Let n be 2*(-360)/(1 - -2). Let w be n/(-56) - (-4)/(-14). Determine b(w).
-3
Let x(j) = 2*j**3 + 8*j**2 + 17*j. Let c(m) = m**3 + 4*m**2 + 9*m. Let a(i) = 11*c(i) - 6*x(i). Suppose 3*k + 7 = -5. Let b be (-1 + 2)*k/2. What is a(b)?
-2
Let x(r) = 11*r. Let t(u) = 175*u. Let h(q) = 4*t(q) - 63*x(q). Determine h(1).
7
Let k(p) be the second derivative of 7*p**5/20 + p**3/6 + p**2/2 - p. Determine k(-1).
-7
Let h(q) be the second derivative of q**6/240 - q**5/120 - q**4/6 - 2*q. Let t(u) be the third derivative of h(u). Give t(1).
2
Let z(m) = 4*m + 2. Let t be (1 - -3)*(-1 - -3). Let f(p) = -11*p - 5. Let w(b) = t*z(b) + 3*f(b). Calculate w(2).
-1
Let f(p) = -3*p**2 + p + 1. Let z(j) = 5*j**2 - 3*j - 2. Let q be (-6)/(-9)*(-30)/(-4). Let l(d) = q*f(d) + 2*z(d). Let w = -21 + 22. Give l(w).
-5
Let w be (-42)/(-2)*(-1)/(-3). Let m be 18/(-14) - (-2)/w. Let y(o) = o**3 + o + 1. Let x(c) = c**2 - c - 5. Let d(t) = m*y(t) - x(t). Calculate d(0).
4
Let z be -1 + 0 - 3/(-1). Let j be (0/1)/(4/z). Let i(b) be the second derivative of -b**3/6 + 4*b**2 + 19*b. What is i(j)?
8
Suppose 7 = 3*s - t - t, 3 = 3*t. Let y(i) be the first derivative of i**2 - 3 + 3/2*i**4 + i + 2/3*i**s. Determine y(-1).
-5
Let d(p) = 19 + 21 - 30 + p. Calculate d(-8).
2
Let x be (-1)/(-2)*(9 - 7). Let z(d) = 3*d - 4 + 2 + 0 + 1. Calculate z(x).
2
Let n = 26 + -29. Let s(p) = -p + 1. Let g(z) be the first derivative of z - 1. Let r(y) = 3*g(y) - s(y). Give r(n).
-1
Let p be 12/10*40/6. Let w = p - 13. Let n(k) be the second derivative of k**4/12 + 5*k**3/6 + 5*k**2/2 + 2*k + 20. Calculate n(w).
5
Suppose -25*r + 40 = -5*r. Let j(f) = 2*f**2 - f - 1. Give j(r).
5
Let q = -7 + 9. Suppose -3*z + 0*s - 3 = 3*s, 2*z + q = -5*s. Let c(l) = 5*l**3 - l**2 - l. What is c(z)?
-5
Let w(p) = -3*p + 2*p + 1 + 0*p. Suppose -3*k = -6 - 9. What is w(k)?
-4
Suppose 3*i + 8 = -y - 0*y, 3*i + 2*y = -10. Let w(c) = -4*c - 2. Let a be w(i). Let h(s) = 1 - s**3 + a*s**2 - 2*s**2 - 6. Calculate h(4).
-5
Let q be 1 + (-2 - -3)/1. Suppose 2*h + 1 = 3. Suppose -h = -z + q*d, 0*z - 2*z = 3*d + 19. Let m(x) = -x**2 - 4*x + 2. Determine m(z).
-3
Let j(n) = n**2 - 8*n + 2. Let x(i) = -i**2 + i + 1. Suppose 3*u + p = 5, -2 = 4*p - 10. Let s(g) = u*j(g) + 2*x(g). Calculate s(-6).
4
Let z = 2 + 0. Let g(l) = l**2 - l + 1. Let w(i) = -5*i**3 + 4*i**2 - i + 2. Let f be (-11)/9 + (-4)/(-18). Let y(j) = f*w(j) + z*g(j). Give y(-1).
-6
Let p(h) = -h**2 + 5*h - 1. Let c(b) = -b**2 + 4*b**2 - 8 - 6*b - 2*b**2. Let i be c(7). Let r = 6 + i. Determine p(r).
-1
Let i(p) = p**2 - p - 1. Let t be 3 + (1 + -11)*1. Let k = t - -5. Calculate i(k).
5
Suppose -2*n = 5 - 3. Let c(j) = -j**3 + 1. What is c(n)?
2
Let l(h) = -5*h - 2*h**2 + 44 - 45 + 3*h**2. Give l(5).
-1
Let a(m) = -m**3 - m**2 - m. Let t = 1 - 21. Let f be -2*(3 + t/8). Calculate a(f).
1
Let b(g) = -4*g - g**3 - 2 - 13*g**2 + 4 + 15*g**2 + g. Suppose -3*j + j = -5*r, 0 = 5*r + 4*j - 30. Give b(r).
-4
Let v(m) = -m**2 - 5*m - 7. Suppose 16*i + 82 = 2. Calculate v(i).
-7
Let t(w) = 2*w**2 + 5*w + 3. Suppose 5*o + 15 = -0*o. Calculate t(o).
6
Suppose -8 - 7 = 3*i. Let b(a) = a**3 + 4*a**2 - 8*a - 5. What is b(i)?
10
Let o(r) = -r. Let j(f) = -2*f - 7. Let t(s) = -j(s) + 3*o(s). Let c be (12/(-10))/((-10)/(-25)). Let v be (45/27)/((-1)/c). What is t(v)?
2
Let x(j) = -6*j**3 - 2*j**2 - j. Let h = -1 - -6. Suppose -v = h*m + 7, 3*m + 6 - 3 = 0. Let a be 3/v + (-7)/(-14). Determine x(a).
5
Let k(m) = m + 5. Let l(z) = -6 - 7 + 3 - z. Let v be (2 - 0)*(-2 + -1). Let s be l(v). Calculate k(s).
1
Let v(d) = -3*d + 15. Let w be v(7). Let f(m) = -4*m - 8. Give f(w).
16
Suppose -5*x - 1 + 6 = 0. Let f(i) = i + 2*i + 0 - 4*i + x. Determine f(4).
-3
Suppose -5*g - 4*z + 3*z + 25 = 0, -4*g - 4*z = -36. Suppose g*h - w = -h + 10, w = -5. Let t(a) = -4*a. Calculate t(h).
-4
Let m(f) = -4*f**2 + 3*f**3 - 4*f**3 + 2*f**3 - 5*f + 4 + 3. Give m(5).
7
Let k(o) = o**2 - 4. Suppose -3*p + 12 = 3*w - 6*p, -24 = -4*w - 4*p. Let z = 8 - w. What is k(z)?
5
Suppose -5*y + 15 = -a, -5*y + y = -3*a - 23. Let g(u) be the third derivative of 2*u**2 + 0 + 1/60*u**5 + 1/24*u**4 + 0*u - 1/6*u**3. Give g(y).
5
Let h(w) = 5*w**2 + 3*w + 2. Let f(o) = 6*o**2 + 2*o + 1. Let d(s) = -4*f(s) + 5*h(s). Let q be -5 + 0/(-2 + 1). What is d(q)?
-4
Let t be 5 + (0 - 2)*1. Let y(l) be the second derivative of l**5/20 - l**4/3 + 2*l**3/3 - 8*l. Give y(t).
3
Let f be ((-4)/(-6))/(((-5)/(-15))/(-1)). Let n(t) = -t**3 + 4*t**2 + 6*t - 7. Let j be n(5). Let w = j - f. Let d(l) = -l**2 - 3. Give d(w).
-3
Let b(c) = 6*c**3 - 12*c**2 + 5*c. Let i(w) = -7*w**3 + 13*w**2 - 5*w + 1. Let j(p) = -6*b(p) - 5*i(p). Give j(6).
1
Let n(m) = -m - 1. Suppose f - 9 = -0*f. Let r be ((-18)/(-7))/(f/42). Suppose -6*u = -2*u + r. Calculate n(u).
2
Let p(j) = j**3 - 2*j**2 - 2*j + 2. Let c be p(3). Let w(i) = -2*i**2 + 7*i - 1. Determine w(c).
-16
Let h(u) = u**3 + 3*u**2 - u - 2. Let q(b) = -2*b + 4 + 3*b - 4*b**3 + 3*b**3 - 4*b**2. Let d be q(-4). Let k be -3 + 2/(-2)*d. Determine h(k).
1
Let y = 10 - 5. Let j = y + 0. Let i(d) = -d - 2. Calculate i(j).
-7
Let f(z) = -z**3 - 2*z**2 + 5*z - 2. Let p(t) = -t**3 + 4. Let a be p(0). Suppose -s + a*s = -12. Give f(s).
10
Let x(t) = t**3 - t + 3. Suppose i - 5*s = -0*s + 10, 5*s + 10 = -4*i. Calculate x(i).
3
Let i(n) be the second derivative of -n**5/20 - 7*n**4/12 + 3*n**3/2 + 11*n**2/2 + n. Let s be i(-8). Let r(t) = s*t + 4*t - 2*t - t**2. Determine r(5).
0
Let f(o) = 8*o - 1. Let w(m) = m. Let y(h) = f(h) - w(h). Suppose 3*j + 1 = 4. Determine y(j).
6
Let k(i) be the third derivative of 1/120*i**6 + 1/6*i**4 - 2*i**2 + 0*i + 1/10*i**5 - 5/6*i**3 + 0. What is k(-5)?
0
Let t(x) = x. Let n(v) = -v**3 + v**2 + 3*v - 1. Let s(d) = n(d) - 3*t(d). Determine s(1).
-1
Let u(z) = -z**2 - z - 12. Let a(w) = -w**2 - 5*w - 4. Let k be a(-4). Give u(k).
-12
Let m(b) = -b**3 - 18. Let t be m(0). Let a be 12/t*(-9)/(-2). Let k(w) = 1 + 1 - w**2 + 0*w**2. Determine k(a).
-7
Let b be 44/16 - 3 - (-60)/(-16). Let y(a) = a + 8. Determine y(b).
4
Let d be (-1)/1 - 1*2. Suppose -3*i - n + 8 = 1, 2*n = i. Let u(t) = -3 + 2*t**i + t**3 - 2*t + 0*t + 1. Calculate u(d).
-5
Let g = 20 - 16. Let n(w) = -w - 3. What is n(g)?
-7
Suppose 0*w = -5*w - v + 10, -w + 2 = v. Let f(j) = -j**2 + 4*j**2 - 4*j**2 + 2*j. Give f(w).
0
Let o(v) = 5*v**3 + 2*v**2 + 3*v + 3. Let n(m) = 4*m**3 + 3*m**2 + 4*m + 2. Let u(l) = -4*n(l) + 3*o(l). Give u(-5).
11
Let h(o) = 9*o - 5*o + 0 - o**3 - 1 - o**2 - 3*o. Let z be h(-2). Let l(m) = 11*m - 1. Calculate l(z).
10
Let l(v) = -v**3 - 4*v**2 + 3*v + 6. Suppose 3*k - 38 = -155. Let q be (-6)/8 - k/(-12). Calculate l(q).
-6
Suppose -1 - 44 = 3*z. Let g = 9 + z. Let s(h) = -h**3 - 7*h**2 - 8*h - 7. Calculate s(g).
5
Let r(i) = -i**3 - 16*i**2 - i - 14. Let h be r(-16). Let n(g) = 5*g**2 - 2*g - 2. Let y(u) = u**2 - u. Let s(j) = n(j) - 6*y(j). Give s(h).
2
Suppose -18 = 2*w + 5*u + 7, u - 2 = w. Let f = w +